hundreds digit of 4665606?
6
What is the tens digit of 289729921?
2
What is the ten thousands digit of 24346968?
4
What is the units digit of 74639840?
0
What is the ten thousands digit of 172191979?
9
What is the billions digit of 1140779998?
1
What is the hundreds digit of 22592500?
5
What is the hundreds digit of 650038414?
4
What is the millions digit of 95041620?
5
What is the tens digit of 2225044010?
1
What is the units digit of 1655457112?
2
What is the ten thousands digit of 8109693?
0
What is the hundreds digit of 4153452253?
2
What is the hundred thousands digit of 368767198?
7
What is the hundreds digit of 371702111?
1
What is the ten millions digit of 103577857?
0
What is the ten millions digit of 89129066?
8
What is the millions digit of 57226883?
7
What is the tens digit of 52579732?
3
What is the billions digit of 2727443810?
2
What is the units digit of 295825338?
8
What is the tens digit of 41145271?
7
What is the millions digit of 47055726?
7
What is the ten thousands digit of 10667092?
6
What is the hundreds digit of 90076965?
9
What is the hundreds digit of 471858237?
2
What is the hundreds digit of 14942255?
2
What is the hundred thousands digit of 297875614?
8
What is the units digit of 207267170?
0
What is the billions digit of 3276645303?
3
What is the thousands digit of 56770764?
0
What is the tens digit of 1424452385?
8
What is the millions digit of 339258507?
9
What is the units digit of 358817876?
6
What is the hundred millions digit of 149423777?
1
What is the hundred thousands digit of 402965143?
9
What is the ten millions digit of 82540163?
8
What is the thousands digit of 680716486?
6
What is the billions digit of 2973257352?
2
What is the millions digit of 148961693?
8
What is the hundred thousands digit of 425370231?
3
What is the thousands digit of 296912449?
2
What is the hundred thousands digit of 433669012?
6
What is the hundreds digit of 177623410?
4
What is the tens digit of 3113867571?
7
What is the hundred thousands digit of 3406192210?
1
What is the thousands digit of 49634409?
4
What is the hundreds digit of 1587775426?
4
What is the hundred millions digit of 134651242?
1
What is the hundred thousands digit of 1152526756?
5
What is the hundreds digit of 67368678?
6
What is the millions digit of 3374301674?
4
What is the hundred thousands digit of 1809418180?
4
What is the hundred thousands digit of 1011905128?
9
What is the units digit of 39569484?
4
What is the tens digit of 120822883?
8
What is the ten thousands digit of 259893873?
9
What is the billions digit of 1085293975?
1
What is the hundred thousands digit of 2809764?
8
What is the thousands digit of 1101791715?
1
What is the units digit of 755412403?
3
What is the tens digit of 325640852?
5
What is the tens digit of 2978605476?
7
What is the hundred thousands digit of 1000908657?
9
What is the units digit of 127738286?
6
What is the thousands digit of 217493171?
3
What is the millions digit of 476075379?
6
What is the hundred millions digit of 461934619?
4
What is the hundreds digit of 127921398?
3
What is the hundred thousands digit of 583192649?
1
What is the ten thousands digit of 4975670301?
7
What is the millions digit of 1353122954?
3
What is the millions digit of 1511764216?
1
What is the tens digit of 4044635110?
1
What is the millions digit of 1067447797?
7
What is the hundred millions digit of 1455817217?
4
What is the ten thousands digit of 146005230?
0
What is the billions digit of 4068769902?
4
What is the millions digit of 20050740?
0
What is the units digit of 239682734?
4
What is the ten thousands digit of 399168238?
6
What is the units digit of 654726906?
6
What is the thousands digit of 1027686606?
6
What is the hundred thousands digit of 1122086193?
0
What is the thousands digit of 29324505?
4
What is the ten millions digit of 155614417?
5
What is the units digit of 49406236?
6
What is the hundred thousands digit of 456942192?
9
What is the hundred millions digit of 401643426?
4
What is the hundreds digit of 372191313?
3
What is the hundred millions digit of 473284686?
4
What is the thousands digit of 378413405?
3
What is the thousands digit of 1245279492?
9
What is the units digit of 1179249270?
0
What is the units digit of 2308527566?
6
What is the thousands digit of 162495265?
5
What is the hundred millions digit of 323844354?
3
What is the thousands digit of 2514093768?
3
What is the ten thousands digit of 5517585966?
8
What is the units digit of 1220212703?
3
What is the hundred thousands digit of 390538836?
5
What is the units digit of 216611459?
9
What is the billions digit of 6786849555?
6
What is the millions digit of 1213516048?
3
What is the ten thousands digit of 106703374?
0
What is the hundred thousands digit of 3016172883?
1
What is the thousands digit of 161125075?
5
What is the billions digit of 2777574267?
2
What is the ten millions digit of 323878353?
2
What is the millions digit of 128258343?
8
What is the millions digit of 3167986948?
7
What is the hundreds digit of 94844722?
7
What is the millions digit of 42245613?
2
What is the hundred thousands digit of 3923259928?
2
What is the millions digit of 148170255?
8
What is the ten thousands digit of 1255110762?
1
What is the ten thousands digit of 202261649?
6
What is the ten millions digit of 226899920?
2
What is the hundreds digit of 148365134?
1
What is the ten thousands digit of 128537056?
3
What is the ten thousands digit of 199025473?
2
What is the hundred millions digit of 520723223?
5
What is the hundred millions digit of 248587039?
2
What is the units digit of 2832654541?
1
What is the ten millions digit of 35176273?
3
What is the billions digit of 2660239375?
2
What is the billions digit of 4974922658?
4
What is the thousands digit of 8788515?
8
What is the units digit of 31984920?
0
What is the ten thousands digit of 216596298?
9
What is the ten millions digit of 76358451?
7
What is the millions digit of 4059834342?
9
What is the hundred thousands digit of 1283609739?
6
What is the hundreds digit of 21394983?
9
What is the hundreds digit of 28045340?
3
What is the hundred millions digit of 2914377577?
9
What is the ten millions digit of 56703187?
5
What is the units digit of 3186352122?
2
What is the hundred thousands digit of 48504579?
5
What is the billions digit of 5682405425?
5
What is the ten thousands digit of 387708420?
0
What is the hundred thousands digit of 87410294?
4
What is the hundreds digit of 1538498?
4
What is the millions digit of 801475179?
1
What is the millions digit of 66559705?
6
What is the hundred thousands digit of 72975801?
9
What is the hundreds digit of 1540010568?
5
What is the hundreds digit of 18747252?
2
What is the ten millions digit of 231858350?
3
What is the ten millions digit of 206569204?
0
What is the hundred thousands digit of 5265503680?
5
What is the millions digit of 60554330?
0
What is the ten millions digit of 3895598884?
9
What is the thousands digit of 7095234078?
4
What is the thousands digit of 1213347144?
7
What is the hundreds digit of 5473016?
0
What is the hundred millions digit of 1151253699?
1
What is the tens digit of 7100199636?
3
What is the units digit of 32612713?
3
What is the tens digit of 73041119?
1
What is the millions digit of 69809515?
9
What is the units digit of 82839902?
2
What is the tens digit of 383310675?
7
What is the thousands digit of 60981307?
1
What is the hundreds digit of 1325303005?
0
What is the tens digit of 1467160?
6
What is the ten millions digit of 338227313?
3
What is the ten thousands digit of 230132476?
3
What is the billions digit of 6499155701?
6
What is the hundred millions digit of 2386910055?
3
What is the hundreds digit of 7306542?
5
What is the hundred millions digit of 114956044?
1
What is the tens digit of 14795314?
1
What is the tens digit of 67995944?
4
What is the thousands digit of 45178748?
8
What is the hundred thousands digit of 559548936?
5
What is the millions digit of 29908566?
9
What is the thousands digit of 17007726?
7
What is the millions digit of 282001158?
2
What is the hundred thousands digit of 10991251?
9
What is the hundred thousands digit of 1338425655?
4
What is the hundreds digit of 60467196?
1
What is the ten thous